a multiple of 1416?
True
Is 7851086 a multiple of 254?
False
Is 36 a factor of 76733243?
False
Is 2794698180 a multiple of 15?
True
Is 20 a factor of 1341636290?
False
Does 22 divide 25921702?
False
Is 2753 a factor of 304290615?
False
Is 709346633 a multiple of 1848?
False
Is 227 a factor of 171977016?
True
Is 222461364 a multiple of 71?
False
Is 7 a factor of 67076499?
True
Is 56761376 a multiple of 344?
True
Is 104689226 a multiple of 6691?
False
Does 107 divide 1308647557?
True
Is 411 a factor of 1245588930?
True
Is 17 a factor of 109139642?
False
Does 1086 divide 110301762?
True
Is 257 a factor of 53148050?
False
Is 70403764 a multiple of 463?
False
Does 37 divide 23679963?
True
Is 12 a factor of 765788543?
False
Does 182 divide 132922466?
False
Does 866 divide 25903792?
True
Is 1448655605 a multiple of 19?
False
Does 2591 divide 899307599?
True
Is 59 a factor of 21668421?
False
Does 1902 divide 306662503?
False
Is 297 a factor of 49283963?
False
Is 12 a factor of 20398513?
False
Is 17278564 a multiple of 105?
False
Does 407 divide 247383554?
True
Is 93 a factor of 94023839?
False
Does 3421 divide 256807628?
True
Is 3361 a factor of 589341873?
False
Does 392 divide 1135685152?
True
Is 70885349 a multiple of 2?
False
Does 90 divide 1402652544?
False
Is 2122122995 a multiple of 3?
False
Is 76 a factor of 9739527?
False
Is 144448034 a multiple of 258?
False
Is 15318353 even?
False
Is 1756 a factor of 704841361?
False
Is 16 a factor of 88235895?
False
Is 3 a factor of 250879338?
True
Does 1727 divide 64488123?
False
Does 10814 divide 2169826120?
False
Is 642 a factor of 42725100?
True
Is 352 a factor of 27815744?
True
Is 58395000 a multiple of 229?
True
Does 818 divide 909419680?
True
Is 31674162 a multiple of 221?
True
Is 150655292 a multiple of 2822?
True
Is 15 a factor of 76549011?
False
Does 4508 divide 361325216?
True
Is 3241788 a multiple of 11?
True
Does 305 divide 1712977600?
True
Does 7968 divide 6965508397?
False
Does 52 divide 725358090?
False
Does 1612 divide 14009892?
True
Is 1186811187 a multiple of 2314?
False
Is 521387150 a multiple of 669?
False
Does 101 divide 29985335?
False
Is 940 a factor of 500220060?
True
Is 468 a factor of 43789824?
True
Is 141523620 a multiple of 105?
True
Does 30 divide 601249375?
False
Is 836 a factor of 55808957?
False
Is 283 a factor of 990390699?
False
Is 54930080 a multiple of 103?
False
Does 1395 divide 315684452?
False
Does 452 divide 142432884?
True
Is 33 a factor of 1233966?
False
Is 59 a factor of 24722711?
True
Is 46 a factor of 1269646736?
True
Does 1383 divide 37991571?
False
Is 18 a factor of 2495342250?
True
Is 3115 a factor of 3071486249?
False
Is 136337750 a multiple of 1526?
False
Is 1200 a factor of 68668403?
False
Is 249 a factor of 53819704?
False
Does 24 divide 2124223404?
False
Is 58 a factor of 1846024?
True
Does 27 divide 7774464024?
True
Is 22 a factor of 2240880532?
True
Is 108 a factor of 131314932?
True
Is 4702060675 a multiple of 88?
False
Does 3566 divide 1041573272?
False
Is 70010284 a multiple of 283?
False
Is 14481402 a multiple of 403?
True
Does 81 divide 13078746?
True
Does 114 divide 225113743?
False
Does 13 divide 37280678?
False
Does 3 divide 3895896?
True
Is 13 a factor of 14870998?
False
Is 44 a factor of 607722632?
True
Does 856 divide 1803592?
True
Is 31 a factor of 555107576?
True
Is 150075300 a multiple of 114?
True
Does 1613 divide 15671908?
True
Does 685 divide 507021930?
True
Is 10768115 a multiple of 62?
False
Does 35 divide 50709645?
True
Is 7982799 a multiple of 11?
True
Is 177 a factor of 66578904?
True
Is 3 a factor of 6373335?
True
Does 863 divide 26966415?
False
Is 1734 a factor of 113660134?
False
Does 145 divide 27601910?
True
Is 45249418 a multiple of 83?
False
Is 86621342 a multiple of 2318?
True
Is 32407798 a multiple of 112?
False
Does 676 divide 1345867264?
False
Does 45 divide 240961815?
True
Is 54 a factor of 247551650?
False
Is 710244643 a multiple of 2362?
False
Is 29 a factor of 710321?
False
Does 606 divide 630501149?
False
Does 39 divide 14652417?
True
Is 30920315 a multiple of 24?
False
Does 99 divide 575334425?
False
Does 641 divide 74164404?
False
Is 3167478475 a multiple of 4585?
True
Is 374 a factor of 371129550?
True
Is 370 a factor of 19330650?
True
Is 367729212 a multiple of 23?
False
Does 4309 divide 252890901?
True
Is 617 a factor of 865410987?
True
Is 26 a factor of 8264101?
False
Is 942413129 a multiple of 2852?
False
Is 196207959 a multiple of 3951?
False
Does 1044 divide 65801232?
True
Is 4978 a factor of 357271060?
True
Is 36419461 a multiple of 16?
False
Is 527 a factor of 728991640?
False
Is 36 a factor of 458648388?
True
Does 30 divide 73809173?
False
Does 15 divide 87899850?
True
Is 2730 a factor of 296680602?
False
Does 1189 divide 13736517?
True
Is 783 a factor of 102713940?
True
Does 9 divide 2780578128?
False
Is 2833653 a multiple of 2?
False
Does 10 divide 3331085230?
True
Does 76 divide 903130344?
True
Is 2135 a factor of 645026200?
True
Is 11348928 a multiple of 228?
True
Is 18 a factor of 1466776368?
True
Is 249311920 a multiple of 2812?
True
Does 61 divide 473454841?
False
Is 1191 a factor of 2057538252?
True
Is 4682 a factor of 215152056?
False
Is 123 a factor of 93146424?
True
Is 5343275 a multiple of 2?
False
Is 386010903 a multiple of 3?
True
Does 14 divide 4639110784?
True
Is 9575977 a multiple of 15?
False
Is 9 a factor of 366061086?
True
Is 209796930 a multiple of 18?
True
Is 534 a factor of 6810176?
False
Does 26 divide 420134000?
True
Does 1450 divide 24771800?
True
Does 414 divide 133161444?
True
Is 1427 a factor of 468521202?
True
Does 14 divide 3015645?
False
Does 35 divide 43972985?
True
Is 4074 a factor of 343418667?
False
Does 523 divide 766480097?
False
Is 1852 a factor of 198743676?
True
Does 159 divide 254725950?
True
Is 134181684 a multiple of 182?
True
Is 119 a factor of 94962361?
False
Is 8627 a factor of 2515751100?
False
Does 960 divide 28751063?
False
Does 164 divide 10711431?
False
Does 48 divide 82819536?
True
Is 50065155 a multiple of 35?
True
Is 171732442 a multiple of 117?
False
Does 639 divide 223589513?
False
Is 12 a factor of 25371189?
False
Is 29688553 a multiple of 10?
False
Is 54 a factor of 1002241296?
True
Does 372 divide 69752934?
False
Is 3716738314 a multiple of 1957?
True
Does 112 divide 17815840?
True
Does 163 divide 68976381?
False
Is 26 a factor of 5980338?
True
Does 67 divide 212229803?
True
Does 11 divide 55930858?
False
Is 731909310 a multiple of 55?
True
Is 4882 a factor of 172834735?
False
Is 6370668 a multiple of 3?
True
Does 49 divide 2153900?
False
Does 13 divide 1160911622?
True
Does 23 divide 933254548?
False
Is 32 a factor of 11038528?
True
Does 13 divide 48559506?
False
Is 156 a factor of 13977444?
True
Is 10739491 a multiple of 7?
True
Is 1331610333 a multiple of 79?
True
Does 9 divide 208701009?
True
Is 283764516 a multiple of 21?
True
Does 15 divide 10707656?
False
Does 99 divide 62546121?
True
Does 21 divide 131470955?
False
Is 155 a factor of 83687332?
False
Is 175584257 a multiple of 315?
False
Is 22 a factor of 512776?
True
Does 92 divide 140326772?
True
Is 53 a factor of 32150106?
False
Does 4410 divide 652106700?
True
Is 9 a factor of 130157952?
False
Is 235916594 a multiple of 2038?
False
Is 6560347 a multiple of 25?
False
Is 1288 a factor of 6184976?
True
Does 3 divide 85571610?
True
Is 3156160 a multiple of 1120?
True
Is 1201695844 a multiple of 2003?
True
Is 1795 a factor of 3511739?
False
Is 6 a factor of 81065970?
True
Does 1411 divide 164869706?
True
Is 11338 a factor of 1860506589?
False
Is 73809138 a multiple of 26?
True
Is 43522176 a multiple of 177?
True
Does 12233 divide 1065258576?
False
Is 72399372 a multiple of 236?
True
Is 15 a factor of 11505621?
False
Does 4395 divide 25181490?
False
Is 352140 a multiple of 6?
True
Is 1135 a factor of 66221575?
True
Does 542 divide 83117054?
False
Does 9 divide 52032715?
False
Is 33843618 a multiple of 6?
True
Is 8 a factor of 61348992?
True
Is 762 a factor of 56100862?
False
Does 31 divide 79391?
True
Is 408 a factor of 72667656?
True
Does 70 divide 1257334382?
False
Is 25052249 a multiple of 675?
False
Does 14 divide 39861220?
True
Is 226391976 a multiple of 36?
True
Is 6248 a factor